 - 3 = -0*v. Suppose -h*s = -s + 3*f - 11, 0 = -2*s - 3*f + 34. Calculate the remainder when s is divided by 12.
11
Suppose 75 = 2*w - 137. Suppose 35 - 370 = -37*l + 479. What is the remainder when w is divided by l?
18
Let f = 35 - 37. Calculate the remainder when 36/2*(f + 92/12) is divided by 52.
50
Let t(z) = z**3 + 10*z**2 - z - 21. What is the remainder when t(-9) is divided by 25?
19
Let b(h) = -3*h**3 + h**2. Let o be -3 + 2 - (-1 - -1). Let q = 106 + -99. Calculate the remainder when q is divided by b(o).
3
Let v = -61 + 65. Suppose -v*b = -89 - 147. Calculate the remainder when b is divided by 15.
14
Suppose -p + 3*r = -9, 2*p + p - 2*r - 20 = 0. Calculate the remainder when (-9 - -6)*(-178)/p is divided by 46.
43
Let j = -89 + 91. Suppose j*p + 2 - 40 = 0. Suppose -x = 1 - 36. Calculate the remainder when x is divided by p.
16
Suppose 9*z - 12*z + 51 = 0. What is the remainder when 252 is divided by z?
14
Suppose 2*l = -124 + 44. Let w = l + 56. Let n(f) = 44*f + 1. What is the remainder when n(1) is divided by w?
13
What is the remainder when 165 is divided by (19 - -2) + (-7)/1?
11
Suppose -4*t = 4*h - 45 - 23, -3*h + 2*t = -66. Calculate the remainder when h is divided by 16.
4
Let j = 404 - 389. Let b be ((-4)/3)/(6/(-153)). Suppose b = 5*m + 2*v, -3*v = -5*m + 27 - 3. What is the remainder when j is divided by m?
3
Let i = 143 + -109. Suppose w = -2*u + i, 3*w + 64 = 5*u - 43. What is the remainder when 130 is divided by u?
16
Let a(c) = -2*c**2 + 36*c - 2. What is the remainder when 306 is divided by a(16)?
58
Suppose 7*q = q + 60. Let n = 24 + -18. What is the remainder when q is divided by n?
4
Let c(i) be the third derivative of i**6/40 - i**5/20 - 5*i**4/24 + i**3/2 + 2*i**2. What is the remainder when c(3) is divided by 0 - (-11 - 0)*2?
20
Suppose -j + 2*j = 14. Let s(i) = i**2 - 9*i + 15. Let f(w) = -w**2 + 9*w - 15. Let n(b) = 3*f(b) + 2*s(b). What is the remainder when j is divided by n(5)?
4
Let k = 2 + 7. Let f(v) = -3*v + 2*v - k*v + 0*v. Calculate the remainder when f(-3) is divided by 8.
6
Let k(t) = t**3 - 4*t**2 - 6*t + 5. Let x be k(5). Suppose -4*m + 3 + 25 = x. What is the remainder when 26 is divided by m?
5
Suppose 3*d = -60 - 45. Let f = d - -47. What is the remainder when 41 is divided by f?
5
Let a = -8 + 13. Let s(f) = 4*f - 72. Let p be s(20). What is the remainder when (-3)/p + (-748)/(-32) is divided by a?
3
Suppose 3*j = 4*j - 17. Let n = -649 - -659. What is the remainder when j is divided by n?
7
Let i = 14 + 25. Suppose 0 = -2*v + v - 5*n + i, -4*n + 12 = 0. Calculate the remainder when v is divided by 15/25 - 32/(-5).
3
Let f(a) = -14*a - 23. Calculate the remainder when f(-14) is divided by 16.
13
Suppose -12 = -s + 11. What is the remainder when (-3)/3 + 40 + 6 is divided by s?
22
Calculate the remainder when (9/21)/(9/2961) is divided by 16.
13
Suppose -5*k = -814 + 754. Calculate the remainder when k is divided by 8.
4
Suppose 0 = 2*u - 153 - 81. Suppose 4*t - v = 8*t - u, 2*v - 118 = -4*t. Let w(x) = x**2 - 4*x + 5. What is the remainder when t is divided by w(5)?
9
Let o be (-20)/(-6) - 95/(-57). Suppose -o*d + 3 = -4*d. What is the remainder when 5 is divided by d?
2
Let i(k) = k**2 - 2*k - 5. Suppose -4*u + 17 = -3. Suppose 6 = u*g - 14. What is the remainder when i(-3) is divided by g?
2
Suppose -a = -2*f + 77, -2*a - 4 + 2 = 0. Calculate the remainder when f is divided by 3.
2
Suppose y - 58 = -5. Let b be (-1 + y)/((-10)/(-5)). Let k = b - 0. What is the remainder when k is divided by 9?
8
Let w be (4 - 1)/((-132)/1672). Let a(j) = 4*j**3 - 3*j**2 - 3*j - 3. Let b be a(3). Let v = b + w. What is the remainder when v is divided by 8?
7
Let r = 7 - 5. Let t be (-3 + -7)/r*1. Let c(a) = a**3 + 7*a**2 + 4*a - 6. What is the remainder when 45 is divided by c(t)?
21
Let o = 93 - -5. Calculate the remainder when o is divided by 35/70*(48 - -2).
23
Let v(g) = -4*g**3 + g**2 + g + 1. Suppose 5*x = 15 - 0. Let o = x - 0. What is the remainder when v(-1) is divided by o?
2
Let t(u) = -u + 74. What is the remainder when 226 is divided by t(16)?
52
Suppose -514 = -6*j - 40. Calculate the remainder when j is divided by 23.
10
What is the remainder when 51 is divided by 3175/100 + 10/8?
18
Suppose 0*y + 155 = 5*y + 4*a, y = 2*a + 31. Let s = 39 - y. What is the remainder when 15 is divided by s?
7
Let m = -32 + 59. What is the remainder when (-1*(-6)/(-4))/(24/(-1184)) is divided by m?
20
Let g(m) = 19*m + 52. Let q be g(-4). What is the remainder when ((-136)/q)/((-1)/(-6)) is divided by 21?
13
Let j = 23 + -21. Suppose g - 13 = -y, 2*y = -j*g + 3*y + 41. Let k = g + 47. Calculate the remainder when k is divided by 17.
14
Calculate the remainder when (1 + 2995/(-25))/((-15)/75) is divided by 7.
6
Let b = -581 + 634. Calculate the remainder when 368 is divided by b.
50
Suppose 13*d = 9*d + 32. Suppose 0*w - r = w - 21, 5*r + 70 = 2*w. What is the remainder when w is divided by d?
1
Let h(b) = 2*b**2 - 90*b - 583. Calculate the remainder when 925 is divided by h(-6).
26
Suppose 2*l + 59 = -5*d + 797, 5*d - 714 = 4*l. What is the remainder when d is divided by 32?
18
Let w(m) = -m**3 + 7*m**2 + 9*m + 4. Let q be w(8). Calculate the remainder when (0 + 1)*(q - 13)*-29 is divided by 3.
2
Let s(w) = -w - 7. Let u(d) = d**3 - 6*d**2 + 4*d - 3. Let n be u(2). Let t be s(n). Suppose -t = -l + 5. Calculate the remainder when 15 is divided by l.
6
Let r(f) = -6*f**3 - f**2 - 2*f - 1. Let l = 5 + -1. Suppose 4*a + 44 = 4*n, 0*n - 69 = -l*n - a. What is the remainder when n is divided by r(-1)?
4
Let u(v) = -v**3 + 10*v**2 + 11*v + 14. Suppose -2 = 2*k - 24. Calculate the remainder when 21 is divided by u(k).
7
Suppose 6*v + 2*d - 7 = 5*v, v - 2*d = -5. Let w = 35 + v. What is the remainder when w is divided by (-5)/((-10)/52)*3/6?
10
Let g(o) = 4*o**2 - 31*o - 25. Let i(h) = -6*h**2 + 46*h + 38. Let u(m) = -7*g(m) - 5*i(m). Calculate the remainder when 24 is divided by u(8).
6
Let p(r) = -r + 1. Suppose -3*i = i - 4*a - 332, -3*a = -4*i + 330. Suppose 0*y = m + 2*y - 29, 3*m + 3*y = i. What is the remainder when m is divided by p(-6)?
4
Let a(d) = -3*d**2 + 30*d - 5. Calculate the remainder when 102 is divided by a(8).
16
What is the remainder when 388 is divided by 2 + -9 + 7 + 10?
8
Let h(r) be the second derivative of -r**5/20 + r**4/2 - r**3/6 - 3*r**2 - 9*r. What is the remainder when 53 is divided by h(5)?
11
Suppose -1736 = 10*r - 66*r. What is the remainder when 586 is divided by r?
28
Let a = -4 + 2. Let x(k) = 3*k**2 - 2. Suppose 38*f - 2545 + 759 = 0. What is the remainder when f is divided by x(a)?
7
Suppose -5*j + 3*y = -117, 9*j - 7*j - 45 = 3*y. Calculate the remainder when 90 is divided by j.
18
Calculate the remainder when ((-507)/6)/((3 + -2)/(-2)) is divided by 78.
13
Let w(l) = 5*l**2 - 21*l + 70. What is the remainder when 263 is divided by w(4)?
65
Let f be ((-6)/8)/(2/(-8)) + -29. Let t = 4 + 1. What is the remainder when t is divided by f/(-14) + 60/(-21) + 3?
1
Let y(l) = l**3 + 10*l**2 + l + 16. Let h be y(-8). Suppose 4*k + 4*z - h = 0, z + 63 = 2*k - 8. What is the remainder when k is divided by 19?
16
Let h be (3 + 6 - 3) + -4. Suppose 5*i - 53 = -h*o, 4*o = i - 2*i + 97. What is the remainder when o is divided by 14?
10
Let p(g) = 5*g**3 + 8*g**2 + 8*g. Let b(c) = 4*c**3 + 8*c**2 + 8*c. Let s(l) = -4*b(l) + 3*p(l). Calculate the remainder when 47 is divided by s(-7).
5
Let g(t) = -2*t + 67. Calculate the remainder when g(-29) is divided by 21.
20
What is the remainder when 103 is divided by (0 - 2) + (-308)/(-11)?
25
Let v = 7 - 9. Let u be 2 + (v - (1 - 5)). Calculate the remainder when 47 is divided by (-20)/((-1)/(2/u)).
7
Suppose 5*g - 13 + 3 = 0. Suppose 3*n + 27 - 24 = 0. Calculate the remainder when 109 is divided by ((g*42)/(-3))/n.
25
Suppose -31 + 14 = -17*m. Calculate the remainder when 112 + (-4 - -2 - m) is divided by 30.
19
Suppose -3*w - 207 = -3*y, 2*y + 0*w - 136 = 4*w. Suppose b = 6*b - y. Calculate the remainder when 41 is divided by b.
13
Let y be (-5)/20 + 12021/(-12). What is the remainder when y/(-8) + 3/(-12) is divided by 16?
13
Let x(a) = 2*a**2 + 2*a + 3. Let p(j) = -j + 33. Let i be p(-9). Suppose 0 = 6*u - 3*u - i. Calculate the remainder when x(